{"id":646,"date":"2025-03-01T11:29:14","date_gmt":"2025-03-01T10:29:14","guid":{"rendered":"https:\/\/porfolio.jrey.eu\/?page_id=646"},"modified":"2025-03-10T15:13:36","modified_gmt":"2025-03-10T14:13:36","slug":"rds","status":"publish","type":"page","link":"https:\/\/porfolio.jrey.eu\/index.php\/rds\/","title":{"rendered":"RDS"},"content":{"rendered":"\n<p>Dans le cadre de notre projet de BTS, nous avons mis en place un serveur RDS (Remote Desktop Services) afin de permettre aux utilisateurs de se connecter \u00e0 distance. Cependant, ce serveur ne dispose pas de licence, ce qui pose un probl\u00e8me, car la p\u00e9riode de gr\u00e2ce est limit\u00e9e \u00e0 60 jours.<\/p>\n\n\n\n<p>Pour contourner cette limitation, une solution manuelle consiste \u00e0 acc\u00e9der \u00e0 l\u2019\u00e9diteur de registre et \u00e0 supprimer une cl\u00e9 sp\u00e9cifique afin de r\u00e9initialiser la p\u00e9riode de gr\u00e2ce. Cependant, cette m\u00e9thode n\u2019est ni pratique ni viable \u00e0 long terme.<\/p>\n\n\n\n<figure class=\"wp-block-image\"><img loading=\"lazy\" decoding=\"async\" width=\"1024\" height=\"526\" src=\"https:\/\/porfolio.jrey.eu\/wp-content\/uploads\/2025\/02\/Capture-decran-2025-02-25-111519-1024x526.png\" alt=\"\" class=\"wp-image-579\" srcset=\"https:\/\/porfolio.jrey.eu\/wp-content\/uploads\/2025\/02\/Capture-decran-2025-02-25-111519-1024x526.png 1024w, https:\/\/porfolio.jrey.eu\/wp-content\/uploads\/2025\/02\/Capture-decran-2025-02-25-111519-300x154.png 300w, https:\/\/porfolio.jrey.eu\/wp-content\/uploads\/2025\/02\/Capture-decran-2025-02-25-111519-768x394.png 768w, https:\/\/porfolio.jrey.eu\/wp-content\/uploads\/2025\/02\/Capture-decran-2025-02-25-111519.png 1268w\" sizes=\"auto, (max-width: 1024px) 100vw, 1024px\" \/><\/figure>\n\n\n\n<p>Pour supprimer la cl\u00e9, il faut se rendre \u00e0 l\u2019emplacement suivant :<br><strong>HKEY_LOCAL_MACHINE\\SYSTEM\\CurrentControlSet\\Control\\Terminal Server\\RCM\\GracePeriod<\/strong><br>Puis, supprimer la cl\u00e9. Attention, si vous n\u2019avez pas les droits, allez dans le dossier&nbsp;<strong>GracePeriod<\/strong>&nbsp;et modifiez les permissions du compte pour pouvoir la supprimer.<\/p>\n\n\n\n<p>Pour automatiser cette t\u00e2che, j\u2019ai mis en place une&nbsp;<strong>GPO (Group Policy Object)<\/strong>&nbsp;qui ex\u00e9cute cette suppression automatiquement \u00e0 intervalles r\u00e9guliers. Cela permet d\u2019\u00e9viter toute intervention manuelle et d\u2019assurer un fonctionnement continu du serveur sans interruption.<\/p>\n\n\n\n<div class=\"wp-block-media-text is-stacked-on-mobile\"><figure class=\"wp-block-media-text__media\"><img loading=\"lazy\" decoding=\"async\" width=\"666\" height=\"307\" src=\"https:\/\/porfolio.jrey.eu\/wp-content\/uploads\/2025\/03\/image-56.png\" alt=\"\" class=\"wp-image-679 size-full\" srcset=\"https:\/\/porfolio.jrey.eu\/wp-content\/uploads\/2025\/03\/image-56.png 666w, https:\/\/porfolio.jrey.eu\/wp-content\/uploads\/2025\/03\/image-56-300x138.png 300w\" sizes=\"auto, (max-width: 666px) 100vw, 666px\" \/><\/figure><div class=\"wp-block-media-text__content\">\n<p>Tout d&#8217;abord, attribuer un nom \u00e0 la strat\u00e9gie de groupe (GPO).<\/p>\n<\/div><\/div>\n\n\n\n<div class=\"wp-block-media-text has-media-on-the-right is-stacked-on-mobile\"><div class=\"wp-block-media-text__content\">\n<p>Effectuer un clic droit, s\u00e9lectionner &#8220;Nouveau&#8221;, puis naviguer vers le r\u00e9pertoire appropri\u00e9 pour acc\u00e9der \u00e0 la cl\u00e9 de registre suivante :<br><strong>HKEY_LOCAL_MACHINE\\SYSTEM\\CurrentControlSet\\Control\\Terminal Server\\RCM\\GracePeriod<\/strong><\/p>\n<\/div><figure class=\"wp-block-media-text__media\"><img loading=\"lazy\" decoding=\"async\" width=\"772\" height=\"400\" src=\"https:\/\/porfolio.jrey.eu\/wp-content\/uploads\/2025\/03\/image-4.png\" alt=\"\" class=\"wp-image-680 size-full\" srcset=\"https:\/\/porfolio.jrey.eu\/wp-content\/uploads\/2025\/03\/image-4.png 772w, https:\/\/porfolio.jrey.eu\/wp-content\/uploads\/2025\/03\/image-4-300x155.png 300w, https:\/\/porfolio.jrey.eu\/wp-content\/uploads\/2025\/03\/image-4-768x398.png 768w\" sizes=\"auto, (max-width: 772px) 100vw, 772px\" \/><\/figure><\/div>\n\n\n\n<div class=\"wp-block-media-text is-stacked-on-mobile\" style=\"grid-template-columns:27% auto\"><figure class=\"wp-block-media-text__media\"><img loading=\"lazy\" decoding=\"async\" width=\"390\" height=\"514\" src=\"https:\/\/porfolio.jrey.eu\/wp-content\/uploads\/2025\/03\/image-1-1.png\" alt=\"\" class=\"wp-image-681 size-full\" srcset=\"https:\/\/porfolio.jrey.eu\/wp-content\/uploads\/2025\/03\/image-1-1.png 390w, https:\/\/porfolio.jrey.eu\/wp-content\/uploads\/2025\/03\/image-1-1-228x300.png 228w\" sizes=\"auto, (max-width: 390px) 100vw, 390px\" \/><\/figure><div class=\"wp-block-media-text__content\">\n<p>Avant de supprimer la cl\u00e9, s&#8217;assurer que le compte dispose des autorisations n\u00e9cessaires. Si ce n&#8217;est pas le cas, modifier les permissions sur le dossier <strong>GracePeriod<\/strong> pour ajouter les droits requis.<\/p>\n<\/div><\/div>\n\n\n\n<div class=\"wp-block-media-text has-media-on-the-right is-stacked-on-mobile\" style=\"grid-template-columns:auto 35%\"><div class=\"wp-block-media-text__content\">\n<p>Une fois les permissions ajust\u00e9es et la cl\u00e9 s\u00e9lectionn\u00e9e, appliquer la GPO.<\/p>\n<\/div><figure class=\"wp-block-media-text__media\"><img loading=\"lazy\" decoding=\"async\" width=\"393\" height=\"452\" src=\"https:\/\/porfolio.jrey.eu\/wp-content\/uploads\/2025\/03\/image-2-1.png\" alt=\"\" class=\"wp-image-682 size-full\" srcset=\"https:\/\/porfolio.jrey.eu\/wp-content\/uploads\/2025\/03\/image-2-1.png 393w, https:\/\/porfolio.jrey.eu\/wp-content\/uploads\/2025\/03\/image-2-1-261x300.png 261w\" sizes=\"auto, (max-width: 393px) 100vw, 393px\" \/><\/figure><\/div>\n\n\n\n<div class=\"wp-block-media-text is-stacked-on-mobile\"><figure class=\"wp-block-media-text__media\"><img loading=\"lazy\" decoding=\"async\" width=\"783\" height=\"539\" src=\"https:\/\/porfolio.jrey.eu\/wp-content\/uploads\/2025\/03\/image-3-1.png\" alt=\"\" class=\"wp-image-683 size-full\" srcset=\"https:\/\/porfolio.jrey.eu\/wp-content\/uploads\/2025\/03\/image-3-1.png 783w, https:\/\/porfolio.jrey.eu\/wp-content\/uploads\/2025\/03\/image-3-1-300x207.png 300w, https:\/\/porfolio.jrey.eu\/wp-content\/uploads\/2025\/03\/image-3-1-768x529.png 768w\" sizes=\"auto, (max-width: 783px) 100vw, 783px\" \/><\/figure><div class=\"wp-block-media-text__content\">\n<p>La suppression manuelle de la cl\u00e9 n&#8217;est plus n\u00e9cessaire, car la GPO s&#8217;en charge automatiquement.<\/p>\n<\/div><\/div>\n\n\n\n<p>Comme on dit souvent :\u00a0<em>le meilleur informaticien est celui qui est le plus fain\u00e9ant<\/em>, car il automatise les t\u00e2ches r\u00e9p\u00e9titives pour gagner du temps et \u00e9viter les erreurs !<\/p>\n","protected":false},"excerpt":{"rendered":"<p>Dans le cadre de notre projet de BTS, nous avons mis en place un serveur RDS (Remote Desktop Services) afin [&hellip;]<\/p>\n","protected":false},"author":1,"featured_media":0,"parent":0,"menu_order":0,"comment_status":"closed","ping_status":"closed","template":"","meta":{"site-sidebar-layout":"default","site-content-layout":"","ast-site-content-layout":"","site-content-style":"default","site-sidebar-style":"default","ast-global-header-display":"","ast-banner-title-visibility":"","ast-main-header-display":"","ast-hfb-above-header-display":"","ast-hfb-below-header-display":"","ast-hfb-mobile-header-display":"","site-post-title":"","ast-breadcrumbs-content":"","ast-featured-img":"","footer-sml-layout":"","theme-transparent-header-meta":"","adv-header-id-meta":"","stick-header-meta":"","header-above-stick-meta":"","header-main-stick-meta":"","header-below-stick-meta":"","astra-migrate-meta-layouts":"default","ast-page-background-enabled":"default","ast-page-background-meta":{"desktop":{"background-color":"var(--ast-global-color-4)","background-image":"","background-repeat":"repeat","background-position":"center center","background-size":"auto","background-attachment":"scroll","background-type":"","background-media":"","overlay-type":"","overlay-color":"","overlay-gradient":""},"tablet":{"background-color":"","background-image":"","background-repeat":"repeat","background-position":"center center","background-size":"auto","background-attachment":"scroll","background-type":"","background-media":"","overlay-type":"","overlay-color":"","overlay-gradient":""},"mobile":{"background-color":"","background-image":"","background-repeat":"repeat","background-position":"center center","background-size":"auto","background-attachment":"scroll","background-type":"","background-media":"","overlay-type":"","overlay-color":"","overlay-gradient":""}},"ast-content-background-meta":{"desktop":{"background-color":"var(--ast-global-color-5)","background-image":"","background-repeat":"repeat","background-position":"center center","background-size":"auto","background-attachment":"scroll","background-type":"","background-media":"","overlay-type":"","overlay-color":"","overlay-gradient":""},"tablet":{"background-color":"var(--ast-global-color-5)","background-image":"","background-repeat":"repeat","background-position":"center center","background-size":"auto","background-attachment":"scroll","background-type":"","background-media":"","overlay-type":"","overlay-color":"","overlay-gradient":""},"mobile":{"background-color":"var(--ast-global-color-5)","background-image":"","background-repeat":"repeat","background-position":"center center","background-size":"auto","background-attachment":"scroll","background-type":"","background-media":"","overlay-type":"","overlay-color":"","overlay-gradient":""}},"footnotes":""},"class_list":["post-646","page","type-page","status-publish","hentry"],"_links":{"self":[{"href":"https:\/\/porfolio.jrey.eu\/index.php\/wp-json\/wp\/v2\/pages\/646","targetHints":{"allow":["GET"]}}],"collection":[{"href":"https:\/\/porfolio.jrey.eu\/index.php\/wp-json\/wp\/v2\/pages"}],"about":[{"href":"https:\/\/porfolio.jrey.eu\/index.php\/wp-json\/wp\/v2\/types\/page"}],"author":[{"embeddable":true,"href":"https:\/\/porfolio.jrey.eu\/index.php\/wp-json\/wp\/v2\/users\/1"}],"replies":[{"embeddable":true,"href":"https:\/\/porfolio.jrey.eu\/index.php\/wp-json\/wp\/v2\/comments?post=646"}],"version-history":[{"count":6,"href":"https:\/\/porfolio.jrey.eu\/index.php\/wp-json\/wp\/v2\/pages\/646\/revisions"}],"predecessor-version":[{"id":685,"href":"https:\/\/porfolio.jrey.eu\/index.php\/wp-json\/wp\/v2\/pages\/646\/revisions\/685"}],"wp:attachment":[{"href":"https:\/\/porfolio.jrey.eu\/index.php\/wp-json\/wp\/v2\/media?parent=646"}],"curies":[{"name":"wp","href":"https:\/\/api.w.org\/{rel}","templated":true}]}}